{"id":1349,"date":"2022-01-31T10:32:39","date_gmt":"2022-01-31T11:32:39","guid":{"rendered":"https:\/\/www.mach573-574.cz\/?page_id=1349"},"modified":"2022-02-04T09:16:30","modified_gmt":"2022-02-04T10:16:30","slug":"dokument","status":"publish","type":"page","link":"https:\/\/www.mach573-574.cz\/index.php\/dokument\/","title":{"rendered":"Dokument"},"content":{"rendered":"<p><iframe loading=\"lazy\" id=\"dokuFrame\" src=\"https:\/\/www.mach573-574.cz\/svj\/dokumenty.php\" align=\"right\" frameborder=\"0\" height=\"2000px\" width=\"100%\"  scrolling=\"yes\" noresize>Alternativa: tento prohl\u00ed\u017ee\u010d nepodporuje iframe, pou\u017eijte pros\u00edm jin\u00fd prohl\u00ed\u017ee\u010d.<\/iframe><\/p>\n","protected":false},"excerpt":{"rendered":"<p>Alternativa: tento prohl\u00ed\u017ee\u010d nepodporuje iframe, pou\u017eijte pros\u00edm jin\u00fd prohl\u00ed\u017ee\u010d.<span class=\"more-link\"><a href=\"https:\/\/www.mach573-574.cz\/index.php\/dokument\/\">Pokra\u010dovat ve \u010dten\u00ed<\/a><\/span><\/p>\n","protected":false},"author":5,"featured_media":0,"parent":0,"menu_order":0,"comment_status":"closed","ping_status":"closed","template":"","meta":{"ngg_post_thumbnail":0,"footnotes":""},"class_list":["entry","author-nehasil","post-1349","page","type-page","status-publish"],"publishpress_future_action":{"enabled":false,"date":"2026-05-07 04:12:51","action":"change-status","newStatus":"draft","terms":[],"taxonomy":"","extraData":[]},"publishpress_future_workflow_manual_trigger":{"enabledWorkflows":[]},"_links":{"self":[{"href":"https:\/\/www.mach573-574.cz\/index.php\/wp-json\/wp\/v2\/pages\/1349","targetHints":{"allow":["GET"]}}],"collection":[{"href":"https:\/\/www.mach573-574.cz\/index.php\/wp-json\/wp\/v2\/pages"}],"about":[{"href":"https:\/\/www.mach573-574.cz\/index.php\/wp-json\/wp\/v2\/types\/page"}],"author":[{"embeddable":true,"href":"https:\/\/www.mach573-574.cz\/index.php\/wp-json\/wp\/v2\/users\/5"}],"replies":[{"embeddable":true,"href":"https:\/\/www.mach573-574.cz\/index.php\/wp-json\/wp\/v2\/comments?post=1349"}],"version-history":[{"count":11,"href":"https:\/\/www.mach573-574.cz\/index.php\/wp-json\/wp\/v2\/pages\/1349\/revisions"}],"predecessor-version":[{"id":1365,"href":"https:\/\/www.mach573-574.cz\/index.php\/wp-json\/wp\/v2\/pages\/1349\/revisions\/1365"}],"wp:attachment":[{"href":"https:\/\/www.mach573-574.cz\/index.php\/wp-json\/wp\/v2\/media?parent=1349"}],"curies":[{"name":"wp","href":"https:\/\/api.w.org\/{rel}","templated":true}]}}